{"id":176,"date":"2014-05-06T22:34:12","date_gmt":"2014-05-06T22:34:12","guid":{"rendered":"http:\/\/hagamusikochmedia.se\/?page_id=176"},"modified":"2014-05-06T22:43:55","modified_gmt":"2014-05-06T22:43:55","slug":"forsaljning-av-instrument-ljud-ljus-och-scenutrustning","status":"publish","type":"page","link":"https:\/\/hagamusikochmedia.se\/?page_id=176","title":{"rendered":"F\u00f6rs\u00e4ljning av instrument, ljud-, ljus- och scenutrustning"},"content":{"rendered":"<p>\u00c4n s\u00e5 l\u00e4nge presenteras endast ett litet urval av sortimentet tills webbshoppen \u00e4r i drift.<br \/>\n[Se respektive karegori i menyn h\u00e4r ovan]<\/p>\n<p>N\u00e5gra av varum\u00e4rkens \u00e4r:<br \/>\nBK-Audio<br \/>\nStagg<br \/>\nMark Bass<br \/>\nmf.l.<\/p>\n<p><a href=\"https:\/\/hagamusikochmedia.se\/wp-content\/uploads\/2014\/03\/bk-banner-dealer_1.jpg\"><br \/>\n<\/a> <a href=\"https:\/\/hagamusikochmedia.se\/wp-content\/uploads\/2014\/01\/pa-bk-GX15_b600.png\" target=\"_blank\"><img loading=\"lazy\" decoding=\"async\" class=\"aligncenter wp-image-111 size-full\" src=\"https:\/\/hagamusikochmedia.se\/wp-content\/uploads\/2014\/01\/pa-bk-GX15_b600.png\" alt=\"pa-bk-GX15_b600\" width=\"600\" height=\"633\" srcset=\"https:\/\/hagamusikochmedia.se\/wp-content\/uploads\/2014\/01\/pa-bk-GX15_b600.png 600w, https:\/\/hagamusikochmedia.se\/wp-content\/uploads\/2014\/01\/pa-bk-GX15_b600-284x300.png 284w\" sizes=\"auto, (max-width: 600px) 100vw, 600px\" \/><\/a><\/p>\n<p><img loading=\"lazy\" decoding=\"async\" class=\"aligncenter wp-image-117\" src=\"https:\/\/hagamusikochmedia.se\/wp-content\/uploads\/2014\/03\/bk-banner-dealer_1-300x79.jpg\" alt=\"bk-banner-dealer_1\" width=\"200\" height=\"53\" srcset=\"https:\/\/hagamusikochmedia.se\/wp-content\/uploads\/2014\/03\/bk-banner-dealer_1-300x79.jpg 300w, https:\/\/hagamusikochmedia.se\/wp-content\/uploads\/2014\/03\/bk-banner-dealer_1.jpg 900w\" sizes=\"auto, (max-width: 200px) 100vw, 200px\" \/><\/p>\n<p><a href=\"https:\/\/hagamusikochmedia.se\/?attachment_id=171\" target=\"_blank\"><img loading=\"lazy\" decoding=\"async\" class=\"aligncenter wp-image-171\" src=\"https:\/\/hagamusikochmedia.se\/wp-content\/uploads\/2014\/05\/HMTL-28020-2HE-300x209.jpg\" alt=\"HMTL-28020-2HE\" width=\"200\" height=\"140\" srcset=\"https:\/\/hagamusikochmedia.se\/wp-content\/uploads\/2014\/05\/HMTL-28020-2HE-300x209.jpg 300w, https:\/\/hagamusikochmedia.se\/wp-content\/uploads\/2014\/05\/HMTL-28020-2HE.jpg 536w\" sizes=\"auto, (max-width: 200px) 100vw, 200px\" \/><\/a><\/p>\n","protected":false},"excerpt":{"rendered":"<p>\u00c4n s\u00e5 l\u00e4nge presenteras endast ett litet urval av sortimentet tills webbshoppen \u00e4r i drift. [Se respektive karegori i menyn h\u00e4r ovan] N\u00e5gra av varum\u00e4rkens \u00e4r: BK-Audio Stagg Mark Bass mf.l.<\/p>\n","protected":false},"author":1,"featured_media":0,"parent":0,"menu_order":0,"comment_status":"closed","ping_status":"closed","template":"","meta":{"footnotes":""},"class_list":["post-176","page","type-page","status-publish","hentry"],"_links":{"self":[{"href":"https:\/\/hagamusikochmedia.se\/index.php?rest_route=\/wp\/v2\/pages\/176","targetHints":{"allow":["GET"]}}],"collection":[{"href":"https:\/\/hagamusikochmedia.se\/index.php?rest_route=\/wp\/v2\/pages"}],"about":[{"href":"https:\/\/hagamusikochmedia.se\/index.php?rest_route=\/wp\/v2\/types\/page"}],"author":[{"embeddable":true,"href":"https:\/\/hagamusikochmedia.se\/index.php?rest_route=\/wp\/v2\/users\/1"}],"replies":[{"embeddable":true,"href":"https:\/\/hagamusikochmedia.se\/index.php?rest_route=%2Fwp%2Fv2%2Fcomments&post=176"}],"version-history":[{"count":2,"href":"https:\/\/hagamusikochmedia.se\/index.php?rest_route=\/wp\/v2\/pages\/176\/revisions"}],"predecessor-version":[{"id":183,"href":"https:\/\/hagamusikochmedia.se\/index.php?rest_route=\/wp\/v2\/pages\/176\/revisions\/183"}],"wp:attachment":[{"href":"https:\/\/hagamusikochmedia.se\/index.php?rest_route=%2Fwp%2Fv2%2Fmedia&parent=176"}],"curies":[{"name":"wp","href":"https:\/\/api.w.org\/{rel}","templated":true}]}}