{"id":37,"date":"2013-11-07T02:01:59","date_gmt":"2013-11-07T02:01:59","guid":{"rendered":"http:\/\/hagamusikochmedia.se\/?page_id=37"},"modified":"2014-05-06T22:42:01","modified_gmt":"2014-05-06T22:42:01","slug":"ljudstudio","status":"publish","type":"page","link":"https:\/\/hagamusikochmedia.se\/?page_id=37","title":{"rendered":"Ljudstudio"},"content":{"rendered":"<p>Inspelningsstudio f\u00f6r ljud, musik, band.<\/p>\n<p>Hagastr\u00f6m &#8211; G\u00e4vle<\/p>\n<p><a href=\"https:\/\/hagamusikochmedia.se\/wp-content\/uploads\/2013\/11\/Kontrollrum_bild1.png\" target=\"_blank\"><img loading=\"lazy\" decoding=\"async\" class=\"alignnone wp-image-181 size-full\" src=\"https:\/\/hagamusikochmedia.se\/wp-content\/uploads\/2013\/11\/Kontrollrum_bild1.png\" alt=\"Kontrollrum_bild1\" width=\"600\" height=\"450\" srcset=\"https:\/\/hagamusikochmedia.se\/wp-content\/uploads\/2013\/11\/Kontrollrum_bild1.png 600w, https:\/\/hagamusikochmedia.se\/wp-content\/uploads\/2013\/11\/Kontrollrum_bild1-300x225.png 300w\" sizes=\"auto, (max-width: 600px) 100vw, 600px\" \/><\/a><\/p>\n","protected":false},"excerpt":{"rendered":"<p>Inspelningsstudio f\u00f6r ljud, musik, band. Hagastr\u00f6m &#8211; G\u00e4vle<\/p>\n","protected":false},"author":1,"featured_media":0,"parent":0,"menu_order":0,"comment_status":"closed","ping_status":"closed","template":"","meta":{"footnotes":""},"class_list":["post-37","page","type-page","status-publish","hentry"],"_links":{"self":[{"href":"https:\/\/hagamusikochmedia.se\/index.php?rest_route=\/wp\/v2\/pages\/37","targetHints":{"allow":["GET"]}}],"collection":[{"href":"https:\/\/hagamusikochmedia.se\/index.php?rest_route=\/wp\/v2\/pages"}],"about":[{"href":"https:\/\/hagamusikochmedia.se\/index.php?rest_route=\/wp\/v2\/types\/page"}],"author":[{"embeddable":true,"href":"https:\/\/hagamusikochmedia.se\/index.php?rest_route=\/wp\/v2\/users\/1"}],"replies":[{"embeddable":true,"href":"https:\/\/hagamusikochmedia.se\/index.php?rest_route=%2Fwp%2Fv2%2Fcomments&post=37"}],"version-history":[{"count":3,"href":"https:\/\/hagamusikochmedia.se\/index.php?rest_route=\/wp\/v2\/pages\/37\/revisions"}],"predecessor-version":[{"id":182,"href":"https:\/\/hagamusikochmedia.se\/index.php?rest_route=\/wp\/v2\/pages\/37\/revisions\/182"}],"wp:attachment":[{"href":"https:\/\/hagamusikochmedia.se\/index.php?rest_route=%2Fwp%2Fv2%2Fmedia&parent=37"}],"curies":[{"name":"wp","href":"https:\/\/api.w.org\/{rel}","templated":true}]}}