{"id":58,"date":"2014-01-03T17:17:35","date_gmt":"2014-01-03T17:17:35","guid":{"rendered":"http:\/\/hagamusikochmedia.se\/?page_id=58"},"modified":"2014-01-03T17:20:33","modified_gmt":"2014-01-03T17:20:33","slug":"paketpriser","status":"publish","type":"page","link":"https:\/\/hagamusikochmedia.se\/?page_id=58","title":{"rendered":"Paketpriser"},"content":{"rendered":"<blockquote><p>Rabatterade hyrespaket p\u00e5 utvald utrustning f\u00f6r olika \u00e4ndam\u00e5l och storlekar p\u00e5 lokal.<\/p><\/blockquote>\n<p>PA &#8211; Enkelt<\/p>\n<p>PA &#8211; Dubbellt<\/p>\n<p>PA &amp; Ljus &#8211; Enkelt<\/p>\n<p>PA &amp; Ljus &#8211; Dubbelt<\/p>\n<p>&nbsp;<\/p>\n","protected":false},"excerpt":{"rendered":"<p>Rabatterade hyrespaket p\u00e5 utvald utrustning f\u00f6r olika \u00e4ndam\u00e5l och storlekar p\u00e5 lokal. PA &#8211; Enkelt PA &#8211; Dubbellt PA &amp; Ljus &#8211; Enkelt PA &amp; Ljus &#8211; Dubbelt &nbsp;<\/p>\n","protected":false},"author":1,"featured_media":0,"parent":29,"menu_order":4,"comment_status":"closed","ping_status":"closed","template":"","meta":{"footnotes":""},"class_list":["post-58","page","type-page","status-publish","hentry"],"_links":{"self":[{"href":"https:\/\/hagamusikochmedia.se\/index.php?rest_route=\/wp\/v2\/pages\/58","targetHints":{"allow":["GET"]}}],"collection":[{"href":"https:\/\/hagamusikochmedia.se\/index.php?rest_route=\/wp\/v2\/pages"}],"about":[{"href":"https:\/\/hagamusikochmedia.se\/index.php?rest_route=\/wp\/v2\/types\/page"}],"author":[{"embeddable":true,"href":"https:\/\/hagamusikochmedia.se\/index.php?rest_route=\/wp\/v2\/users\/1"}],"replies":[{"embeddable":true,"href":"https:\/\/hagamusikochmedia.se\/index.php?rest_route=%2Fwp%2Fv2%2Fcomments&post=58"}],"version-history":[{"count":2,"href":"https:\/\/hagamusikochmedia.se\/index.php?rest_route=\/wp\/v2\/pages\/58\/revisions"}],"predecessor-version":[{"id":61,"href":"https:\/\/hagamusikochmedia.se\/index.php?rest_route=\/wp\/v2\/pages\/58\/revisions\/61"}],"up":[{"embeddable":true,"href":"https:\/\/hagamusikochmedia.se\/index.php?rest_route=\/wp\/v2\/pages\/29"}],"wp:attachment":[{"href":"https:\/\/hagamusikochmedia.se\/index.php?rest_route=%2Fwp%2Fv2%2Fmedia&parent=58"}],"curies":[{"name":"wp","href":"https:\/\/api.w.org\/{rel}","templated":true}]}}